 the first derivative of j**4/4 - 7*j**3/3 + 5*j**2/2 + 10*j + 91. Determine z(5).
-15
Let r(v) = -6*v - 24. Let z be r(-8). Suppose 0 = x - 5*x - 4*u - z, -22 = 3*x + u. Let a(n) = n**3 + 7*n**2 - 7*n + 10. Determine a(x).
2
Let o(i) = 7*i**3 - 2*i**2 + i + 4. Let x be o(-1). Let f(c) = -3*c + 7 - 4 + c**3 + 6*c**2 + 4*c. Calculate f(x).
-3
Let a(s) be the second derivative of 5/6*s**3 + 0 + s + 9/2*s**2 - 5/12*s**4 - 1/20*s**5. Determine a(-6).
15
Let t = -311 + 312. Let m(d) = -26*d**2 + d. Calculate m(t).
-25
Let p be (-1)/2*-4*1/2. Let r be -2*15/(-12)*(p + -3). Let z(i) = -i**3 - 4*i**2 + 2*i. What is z(r)?
15
Let g(i) = -8 - 5 - i**2 - 1. Let h(r) = r**3 - 39*r**2 - 36*r - 160. Let p be h(40). Calculate g(p).
-14
Let t(d) be the second derivative of 5*d**4/12 + d**3/3 - 2*d**2 + 644*d. Calculate t(2).
20
Suppose -1 = 3*o + 4*w + 28, -3*w = -2*o - 8. Let y(i) = i**3 + 9*i**2 + 11*i - 17. What is y(o)?
4
Let k(w) be the second derivative of -w**3/3 + w**2 + 149*w - 1. What is k(-3)?
8
Let j(x) = -11*x**2 + 7*x + 10*x**2 + 12*x + 3 - 10*x. What is j(10)?
-7
Suppose 124*i - 115*i = 9. Let l(p) = -35*p**2. Determine l(i).
-35
Let b(i) = -i - 3. Let s be 86 + 8 + 4/(-1). Let p = s + -83. What is b(p)?
-10
Let r(v) = -2*v + 2. Let m(x) = 2*x - 3. Let g be (-2 - -1)/(4/(-12)). Let s(n) = g*m(n) + 4*r(n). Give s(2).
-5
Let p(i) = 18*i. Let k(s) = s. Let y(w) = -2*k(w) + p(w). Calculate y(-2).
-32
Let d(p) = -14*p**2 + 17*p - 39. Let s(x) = 5*x**2 - 6*x + 13. Suppose 2*k - k - 73 = -4*c, -3*c - 5*k = -76. Let i(t) = c*s(t) + 6*d(t). What is i(0)?
-13
Let c be (-6 - (-120)/18)*3. Suppose -c*a = -15*a. Let s(w) = -1 + w + 0*w + 8. Calculate s(a).
7
Let w(s) be the third derivative of -1/8*s**4 + 0 + 0*s + 13*s**2 - 1/6*s**3. What is w(1)?
-4
Let d(u) = u**3 - u**2 - 2*u + 1. Suppose -4*l - 5*g - 10 = -9*l, 3*g = 4*l - 11. Suppose w = -l*p + 10, -p - w - 1 = -3. Determine d(p).
1
Let g(h) = 7*h**2 + 1. Suppose -266 = -p - 265. Calculate g(p).
8
Let n(i) be the second derivative of -i**4/4 - 5*i**3/6 + 3*i**2 + 355*i. Calculate n(-5).
-44
Let u(j) = -j**2 - 4*j. Suppose -5*w = -k + 13, -3*w - 5*k - 23 = -4. Calculate u(w).
3
Suppose 0 = -123*f + 125*f - 10. Let j(v) be the second derivative of 0 - 1/6*v**4 + f*v - 1/6*v**3 + 0*v**2. Calculate j(-1).
-1
Let s(o) = -o - 1. Let d be ((-26)/(-3))/2 + (-26)/(-39). Suppose 2*j - x - 2*x + 3 = 0, -d*x = -5*j. Determine s(j).
-4
Let g(b) = -b**3 + 7*b**2 - 6*b + 4. Let j(d) = -d**3 - 5*d**2 - 7*d - 7. Let a be j(-4). What is g(a)?
24
Let d(a) be the third derivative of a**4/12 + 4*a**3/3 - 14*a**2 - 1. Let c(p) = 2*p + 9. Suppose -14 + 2 = -3*i. Let y(w) = i*c(w) - 5*d(w). Give y(5).
-14
Let o(b) = 9*b**3 + b**2 - 12*b - 17. Let q(g) = 5*g**3 - 6*g - 9. Let x(j) = -4*o(j) + 7*q(j). Suppose 14 + 6 = -5*d. Determine x(d).
-19
Let t(y) = -16*y + 19*y - 8*y - 5 + 0. Let r(c) = -3*c - 3. Let g(f) = -2*f - 2. Let x(a) = 4*g(a) - 3*r(a). Let o(d) = t(d) + 4*x(d). Determine o(-6).
5
Let r(d) = d**2 - 4*d - d - 2 + 9*d. Let t(j) = -2*j**2 - 3*j + 2. Let f(o) = 3*r(o) + 2*t(o). Let z = -8 + 13. Give f(z).
3
Let v(w) = 5*w - 78. Let o be v(16). Let r(a) = -2*a**o - 8*a + 3*a + 10 + 3*a**2 - 5*a. Give r(7).
-11
Suppose -c = -p - 2 + 12, -2*p + 4*c + 14 = 0. Suppose -1 = -u + 2*j, -3*u + 0*j = -j - p. Let s(z) = z**3 - 4*z**2 - 4*z - 4. Give s(u).
1
Let s(d) = 2*d. Suppose -2*c + i + 18 = 0, 5*c - 15 = 4*i + 27. What is s(c)?
20
Let h(m) = 7*m + 1. Suppose -7*d + 9 = -q - 2*d, 3*d - 11 = -5*q. Give h(q).
8
Let k(m) = m + 8. Let b(a) be the second derivative of a**5/20 + 2*a**4/3 + a**3 + 7*a**2/2 - 8*a. Let p be b(-7). Suppose -10*h + 24 = -p*h. Determine k(h).
2
Let h(v) be the second derivative of v**4/12 - 7*v**3/6 - 3*v**2/2 + 14*v - 3. Suppose 0 = -s + 10 - 4. Calculate h(s).
-9
Let u(z) = 5*z - 3. Let y be ((-6)/(-8))/((-3)/8). What is u(y)?
-13
Let o be 42/(-56) - 6/(-8). Let f(u) = u**2 + 6. Give f(o).
6
Let a be 1*(2 + -1) - -2. Let w(q) = -2*q + 4. Let y be 29/(-9) - (-6)/27. Let j(b) = -b + 5. Let d(u) = y*w(u) + 2*j(u). Give d(a).
10
Let s(n) = n + 1. Suppose 3*c - 2 = -17. Let y(i) = -i**3 - 5*i**2 - 5*i - 4. Let h be y(c). Suppose -5*f = 2*b - 0*f + 21, 5*b + 2*f + h = 0. Give s(b).
-2
Suppose u + 13 = -4*r, -20*r = -18*r + 2*u + 8. Let j(z) be the second derivative of z**3/2 + 3*z**2/2 - z. What is j(r)?
-6
Let s(o) = -7*o + 3 + 6*o + 3*o + 5*o**2 - 2*o**2. What is s(-2)?
11
Let l(y) be the first derivative of 2*y**2 - 4*y - 671. Calculate l(-6).
-28
Suppose -30*v - 24 = -204. Let r(i) = -2*i**2 + 13*i + 1. Determine r(v).
7
Let o(n) = n**3 + 5*n**2 + 5*n. Let z = 18 - 7. Let q = z + -13. Let u be -2*(-9)/(-3) - q. Determine o(u).
-4
Let h(c) = c**2 + 9*c. Let j = 128 + -137. What is h(j)?
0
Let m(t) = -11*t**3 - 12*t**2 + 12. Let z(x) = 31*x**3 + 35*x**2 - x - 34. Let j(d) = -17*m(d) - 6*z(d). What is j(5)?
5
Let q(o) = -3*o + 40. Let b(u) = -u + 14. Let s(g) = 17*b(g) - 6*q(g). Calculate s(5).
3
Let h(q) = -q**3 + 4*q**2 + 5*q - 5. Let v be h(5). Let u(c) = -c - 3. What is u(v)?
2
Let j(q) be the first derivative of 1/3*q**3 + q + 5 + 1/2*q**2. What is j(0)?
1
Suppose 0*i - 4*i + 3*z + 8 = 0, 5*i - 10 = -2*z. Suppose 5*j = i*j + 6. Let s(d) = 0*d**3 - 3 - 8*d**j + 3*d**2 + d**3 + 5*d. Determine s(4).
1
Let c(p) = -4*p**2 + 2*p**2 + 2 - 1. Suppose -5*g + 3*i + 9 + 5 = 0, g + 4*i = -11. Determine c(g).
-1
Suppose 0 = x + p + 4*p - 10, 4*x = -3*p - 11. Let n(k) = k + 1. Let v be n(x). Let u(j) = -j**3 - 3*j**2 + 6*j + 5. Give u(v).
-3
Suppose 2*s = s. Suppose -2*a + 23 = 19. Let w(d) = 0*d**2 - a - d**2 - 5*d**2 - d + 5*d**2. Give w(s).
-2
Suppose -2*b = -b. Suppose b*g + 5*g - 33 = l, 2*g + 2*l = 6. Let k(y) be the second derivative of -y**5/20 + y**4/2 - y**3/3 + 3*y**2/2 - 17*y. Give k(g).
-9
Let m(k) = k**3 + k**2 + 3. Let h(i) = 2*i**3 + 3*i**2 - 5. Let w(v) = -h(v) + 3*m(v). Calculate w(0).
14
Let w(i) = 6*i**2 + 1 - 3*i**3 + 0 + 1 + 4*i**3. Let v = 9 + -17. Let g be (-18)/v*8/(-3). Give w(g).
2
Let y(p) = p**3 - 4*p**2 - 4. Let a be ((-4)/10)/((-1)/5). Let b(v) = -2*v**3 + 8*v**2 + v + 9. Let m(l) = a*b(l) + 5*y(l). Calculate m(2).
-6
Let q(z) be the first derivative of -13*z**3 - z - 174. Give q(-1).
-40
Let l be 4/24 + (56/(-3))/(-8). Let b(t) be the second derivative of 0 - l*t**2 + 1/12*t**4 + 1/6*t**3 + 7*t. Calculate b(0).
-5
Let o(z) = z**2 - z - 11. Suppose 7 + 23 = 3*l. Suppose 0 = -5*s - 2*c + l, -c + 2*c - 5 = -s. Suppose s = p + 2*p. Give o(p).
-11
Let x(i) = 21*i**3 - 3*i**2 - 2*i - 1. Let s be x(-1). Let g(d) = -d**3 - 25*d**2 - 46*d - 8. What is g(s)?
-8
Let x be (16/6 - 2)/((-4)/(-18)). Suppose 4*k = x*p + 1, 2*k - 3*p + 31 = 6*k. Let y(l) = -l**3 + 3*l**2 + l - 3. Give y(k).
-15
Let t(n) = -12*n - 2. Let s(h) = -10*h - 3. Let f(g) = 5*s(g) - 4*t(g). What is f(4)?
-15
Let t(u) = -u - 2*u + 2 + u**2 + u. Let b be (18 - 11)*((-200)/(-35))/8. Determine t(b).
17
Let f(g) be the second derivative of -2*g**3/3 + g**2 + 3*g. Let r(b) = b**2 + 6*b - 2. Let t be r(0). Calculate f(t).
10
Let p = -4 + 6. Let s be (-129)/(-45) - (4/(-30))/1. Let f(t) = 3*t + 10 - s - 9 - t**2. Give f(p).
0
Suppose 17*a - 22*a = 2*b + 20, 0 = -3*b - 2*a - 19. Let s(t) = -t**3 - 5*t**2 - t + 3. Calculate s(b).
8
Let x = 40 + -37. Suppose 3*y + 18 = x*c, 2*c = y + 4*c - 3. Let f(g) = -2*g + 1. Determine f(y).
7
Let v be 5/60*-4 + 48/9. Let f(d) = -2*d**2 + 5*d + 1. Determine f(v).
-24
Let c = 47 + -43. Suppose 7 = -4*w + 6*a - 7*a, 26 = -2*w + c*a. Let d(u) = 5*u + 1. What is d(w)?
-14
Let p(l) = -l**3 - 2*l**2 + l - 2. Let q = 40 + -43. Give p(q).
4
Let c(h) be the third derivative of -h**4/12 + h**3 + 2*h**2. Let j = 4 - 39. Let r = 40 + j. Give c(r).
-4
Let r(v) = 3*v**2 + 203 + 208 - 407. Calculate r(-3).
31
Suppose -27 = -b - 0*b. Suppose 3*y - b = 5*r, -3*y + 2*r + 5 = -13. Let l(j) = -y + 3 + j**2 + 0. Give l(-1).
0
Let h(l) = l**2 + 5*l + 3. Let g(b) = 5*b - 170. Let f be g(33). What is h(f)?
3
Let w(v) = -3 + 16*v**2 - 7*v**2 + v**2 + v**3 + 1. What is w(-10)?
-2
Let t = -1183 + 1186. Let y(w) = -18*w - 7. Calculate y(t).
-61
Suppose -x = -5*x - 4*c + 168, 0 = -3*x - c + 134. Let w(k) = 108*k - k**3 + 2*k**2 - x*k - 57*k + 8 - 7*k**2. Calculate w(-6).
14
Let q be (-8 - -9) + (-4 - (0 + 1)). Let d(n) be